{"id":756,"date":"2026-03-16T10:25:01","date_gmt":"2026-03-16T10:25:01","guid":{"rendered":"https:\/\/orto-medika.pl\/store\/?post_type=product&#038;p=756"},"modified":"2026-03-16T10:25:02","modified_gmt":"2026-03-16T10:25:02","slug":"green-coffee-5k","status":"publish","type":"product","link":"https:\/\/orto-medika.pl\/store\/product\/green-coffee-5k\/","title":{"rendered":"Green Coffee 5K"},"content":{"rendered":"<p class=\"font-claude-response-body break-words whitespace-normal leading-[1.7]\">Green Coffee 5K to suplement diety w formie kapsu\u0142ek, kt\u00f3ry zdoby\u0142 ogromn\u0105 popularno\u015b\u0107 w\u015br\u00f3d os\u00f3b pragn\u0105cych skutecznie i bezpiecznie zredukowa\u0107 mas\u0119 cia\u0142a. Produkt wyr\u00f3\u017cnia si\u0119 na tle konkurencji przede wszystkim wyj\u0105tkowo wysok\u0105 zawarto\u015bci\u0105 ekstraktu z zielonej kawy \u2014 a\u017c 5000 mg w porcji dziennej, co czyni go jedynym tego typu preparatem dost\u0119pnym na rynku. Green Coffee 5K powsta\u0142 z my\u015bl\u0105 o osobach, kt\u00f3re chc\u0105 schudn\u0105\u0107 bez konieczno\u015bci stosowania drastycznych diet eliminacyjnych czy wyczerpuj\u0105cych program\u00f3w treningowych.<\/p>\n<p class=\"font-claude-response-body break-words whitespace-normal leading-[1.7]\">Formu\u0142a suplementu opiera si\u0119 wy\u0142\u0105cznie na naturalnych sk\u0142adnikach, co przek\u0142ada si\u0119 na wysokie bezpiecze\u0144stwo stosowania. Kapsu\u0142ki Green Coffee 5K to propozycja dla tych, kt\u00f3rzy szukaj\u0105 realnego wsparcia w procesie odchudzania \u2014 bez kompromis\u00f3w w kwestii jako\u015bci i skuteczno\u015bci. Preparat jest dost\u0119pny wy\u0142\u0105cznie przez oficjaln\u0105 stron\u0119 producenta, co gwarantuje autentyczno\u015b\u0107 produktu i odpowiednie warunki przechowywania.<\/p>\n<h2 class=\"text-text-100 mt-3 -mb-1 text-[1.125rem] font-bold\">Wskazania do stosowania Green Coffee 5K<\/h2>\n<p class=\"font-claude-response-body break-words whitespace-normal leading-[1.7]\">Green Coffee 5K jest przeznaczony dla doros\u0142ych, kt\u00f3rzy zmagaj\u0105 si\u0119 z nadwag\u0105 lub oty\u0142o\u015bci\u0105 i chc\u0105 w spos\u00f3b naturalny wspom\u00f3c proces odchudzania. Suplement sprawdzi si\u0119 szczeg\u00f3lnie w nast\u0119puj\u0105cych sytuacjach:<\/p>\n<ul class=\"[li_&amp;]:mb-0 [li_&amp;]:mt-1 [li_&amp;]:gap-1 [&amp;:not(:last-child)_ul]:pb-1 [&amp;:not(:last-child)_ol]:pb-1 list-disc flex flex-col gap-1 pl-8 mb-3\">\n<li class=\"whitespace-normal break-words pl-2\">nadwaga wynikaj\u0105ca z siedz\u0105cego trybu \u017cycia i nieodpowiedniej diety<\/li>\n<li class=\"whitespace-normal break-words pl-2\">trudno\u015bci z kontrolowaniem apetytu i napadami g\u0142odu mi\u0119dzy posi\u0142kami<\/li>\n<li class=\"whitespace-normal break-words pl-2\">wolny metabolizm utrudniaj\u0105cy redukcj\u0119 masy cia\u0142a<\/li>\n<li class=\"whitespace-normal break-words pl-2\">sk\u0142onno\u015b\u0107 do odk\u0142adania tkanki t\u0142uszczowej, zw\u0142aszcza w okolicach brzucha i ud<\/li>\n<li class=\"whitespace-normal break-words pl-2\">ch\u0119\u0107 poprawy sylwetki bez drastycznych wyrzecze\u0144 dietetycznych<\/li>\n<li class=\"whitespace-normal break-words pl-2\">potrzeba naturalnego wsparcia energetycznego w ci\u0105gu dnia<\/li>\n<\/ul>\n<p class=\"font-claude-response-body break-words whitespace-normal leading-[1.7]\">Preparat polecany jest r\u00f3wnie\u017c osobom, kt\u00f3re zako\u0144czy\u0142y g\u0142\u00f3wn\u0105 faz\u0119 odchudzania i chc\u0105 utrzyma\u0107 osi\u0105gni\u0119te rezultaty. Green Coffee 5K wspomaga stabilizacj\u0119 wagi poprzez regulacj\u0119 proces\u00f3w metabolicznych i kontrol\u0119 \u0142aknienia.<\/p>\n<h2 class=\"text-text-100 mt-3 -mb-1 text-[1.125rem] font-bold\">Dzia\u0142anie Green Coffee 5K<\/h2>\n<p class=\"font-claude-response-body break-words whitespace-normal leading-[1.7]\">Skuteczno\u015b\u0107 Green Coffee 5K wynika z wielokierunkowego mechanizmu dzia\u0142ania, kt\u00f3ry obejmuje r\u00f3\u017cne aspekty procesu odchudzania. Suplement wp\u0142ywa na organizm kompleksowo, co pozwala osi\u0105ga\u0107 wymierne efekty nawet bez radykalnych zmian w stylu \u017cycia.<\/p>\n<p class=\"font-claude-response-body break-words whitespace-normal leading-[1.7]\"><strong>Kluczowe mechanizmy dzia\u0142ania preparatu obejmuj\u0105:<\/strong><\/p>\n<ul class=\"[li_&amp;]:mb-0 [li_&amp;]:mt-1 [li_&amp;]:gap-1 [&amp;:not(:last-child)_ul]:pb-1 [&amp;:not(:last-child)_ol]:pb-1 list-disc flex flex-col gap-1 pl-8 mb-3\">\n<li class=\"whitespace-normal break-words pl-2\"><strong>redukcj\u0119 apetytu<\/strong> \u2014 aktywne sk\u0142adniki wp\u0142ywaj\u0105 na uczucie syto\u015bci, zmniejszaj\u0105c ch\u0119\u0107 na podjadanie<\/li>\n<li class=\"whitespace-normal break-words pl-2\"><strong>spowolnienie wch\u0142aniania glukozy<\/strong> \u2014 kwas chlorogenowy ogranicza tempo przyswajania cukr\u00f3w prostych z po\u017cywienia, co zapobiega gwa\u0142townym skokom insuliny<\/li>\n<li class=\"whitespace-normal break-words pl-2\"><strong>przyspieszenie metabolizmu<\/strong> \u2014 naturalna kofeina stymuluje termogenez\u0119, zwi\u0119kszaj\u0105c tempo spalania kalorii w spoczynku<\/li>\n<li class=\"whitespace-normal break-words pl-2\"><strong>blokowanie magazynowania t\u0142uszczu<\/strong> \u2014 sk\u0142adniki aktywne hamuj\u0105 aktywno\u015b\u0107 enzym\u00f3w odpowiedzialnych za odk\u0142adanie tkanki t\u0142uszczowej<\/li>\n<li class=\"whitespace-normal break-words pl-2\"><strong>spowolnienie starzenia si\u0119 sk\u00f3ry<\/strong> \u2014 silne w\u0142a\u015bciwo\u015bci antyoksydacyjne zielonej kawy neutralizuj\u0105 wolne rodniki, poprawiaj\u0105c kondycj\u0119 cery<\/li>\n<li class=\"whitespace-normal break-words pl-2\"><strong>utrzymanie d\u0142ugotrwa\u0142ego uczucia syto\u015bci<\/strong> \u2014 suplement wyd\u0142u\u017ca czas mi\u0119dzy posi\u0142kami, ograniczaj\u0105c ca\u0142kowite spo\u017cycie kalorii w ci\u0105gu dnia<\/li>\n<\/ul>\n<h2 class=\"text-text-100 mt-3 -mb-1 text-[1.125rem] font-bold\">Sk\u0142ad Green Coffee 5K<\/h2>\n<p class=\"font-claude-response-body break-words whitespace-normal leading-[1.7]\">Si\u0142\u0105 preparatu Green Coffee 5K jest jego w pe\u0142ni naturalna formu\u0142a oparta na starannie dobranych sk\u0142adnikach aktywnych. Sk\u0142ad kapsu\u0142ek obejmuje:<\/p>\n<ul class=\"[li_&amp;]:mb-0 [li_&amp;]:mt-1 [li_&amp;]:gap-1 [&amp;:not(:last-child)_ul]:pb-1 [&amp;:not(:last-child)_ol]:pb-1 list-disc flex flex-col gap-1 pl-8 mb-3\">\n<li class=\"whitespace-normal break-words pl-2\"><strong>Ekstrakt z zielonej kawy (5000 mg)<\/strong> \u2014 niepalona kawa bogata w kwas chlorogenowy, kt\u00f3ry jest kluczowym zwi\u0105zkiem odpowiedzialnym za efekty odchudzaj\u0105ce; kwas chlorogenowy ogranicza wch\u0142anianie w\u0119glowodan\u00f3w i wspomaga spalanie t\u0142uszczu<\/li>\n<li class=\"whitespace-normal break-words pl-2\"><strong>Kofeina<\/strong> \u2014 naturalny alkaloid pobudzaj\u0105cy o\u015brodkowy uk\u0142ad nerwowy, przyspieszaj\u0105cy przemian\u0119 materii i zwi\u0119kszaj\u0105cy wydatek energetyczny organizmu<\/li>\n<li class=\"whitespace-normal break-words pl-2\"><strong>Kwas chlorogenowy<\/strong> \u2014 polifenol o silnych w\u0142a\u015bciwo\u015bciach antyoksydacyjnych, kt\u00f3ry reguluje poziom glukozy we krwi i ogranicza akumulacj\u0119 tkanki t\u0142uszczowej<\/li>\n<li class=\"whitespace-normal break-words pl-2\"><strong>Antyoksydanty<\/strong> \u2014 zwi\u0105zki polifenolowe zawarte w ekstrakcie z zielonej kawy chroni\u0105 kom\u00f3rki przed uszkodzeniami oksydacyjnymi, wspieraj\u0105c og\u00f3lne zdrowie organizmu<\/li>\n<li class=\"whitespace-normal break-words pl-2\"><strong>B\u0142onnik pokarmowy<\/strong> \u2014 wspomaga prac\u0119 uk\u0142adu trawiennego, wyd\u0142u\u017ca uczucie syto\u015bci i reguluje pasa\u017c jelitowy<\/li>\n<\/ul>\n<p class=\"font-claude-response-body break-words whitespace-normal leading-[1.7]\">Wszystkie sk\u0142adniki zosta\u0142y pozyskane z naturalnych \u017ar\u00f3de\u0142 i przesz\u0142y rygorystyczn\u0105 kontrol\u0119 jako\u015bci, co potwierdza bezpiecze\u0144stwo preparatu.<\/p>\n<h2 class=\"text-text-100 mt-3 -mb-1 text-[1.125rem] font-bold\">Efekty<\/h2>\n<p class=\"font-claude-response-body break-words whitespace-normal leading-[1.7]\">Regularne stosowanie kapsu\u0142ek Green Coffee 5K zgodnie z zaleceniami producenta przynosi wymierne i trwa\u0142e rezultaty. U\u017cytkownicy mog\u0105 spodziewa\u0107 si\u0119 nast\u0119puj\u0105cych efekt\u00f3w:<\/p>\n<ul class=\"[li_&amp;]:mb-0 [li_&amp;]:mt-1 [li_&amp;]:gap-1 [&amp;:not(:last-child)_ul]:pb-1 [&amp;:not(:last-child)_ol]:pb-1 list-disc flex flex-col gap-1 pl-8 mb-3\">\n<li class=\"whitespace-normal break-words pl-2\">stopniowej i zdrowej utraty masy cia\u0142a bez efektu jojo<\/li>\n<li class=\"whitespace-normal break-words pl-2\">widocznego zmniejszenia obwod\u00f3w cia\u0142a, szczeg\u00f3lnie w okolicach talii i bioder<\/li>\n<li class=\"whitespace-normal break-words pl-2\">ograniczenia apetytu i eliminacji napad\u00f3w g\u0142odu mi\u0119dzy posi\u0142kami<\/li>\n<li class=\"whitespace-normal break-words pl-2\">wzrostu poziomu energii i poprawy samopoczucia w ci\u0105gu dnia<\/li>\n<li class=\"whitespace-normal break-words pl-2\">przyspieszenia tempa metabolizmu, odczuwalnego ju\u017c w pierwszych tygodniach stosowania<\/li>\n<li class=\"whitespace-normal break-words pl-2\">poprawy wygl\u0105du sk\u00f3ry \u2014 staje si\u0119 ona bardziej napi\u0119ta i promienna<\/li>\n<li class=\"whitespace-normal break-words pl-2\">lepszej koncentracji i wydolno\u015bci psychofizycznej<\/li>\n<\/ul>\n<p class=\"font-claude-response-body break-words whitespace-normal leading-[1.7]\">Pierwsze efekty stosowania Green Coffee 5K s\u0105 zauwa\u017calne zazwyczaj po kilku tygodniach regularnej suplementacji. Optymalne rezultaty osi\u0105ga si\u0119 przy jednoczesnym przestrzeganiu zbilansowanej diety i umiarkowanej aktywno\u015bci fizycznej, cho\u0107 suplement dzia\u0142a skutecznie nawet bez drastycznych zmian w codziennym stylu \u017cycia.<\/p>\n<h2 class=\"text-text-100 mt-3 -mb-1 text-[1.125rem] font-bold\">Skutki uboczne<\/h2>\n<p class=\"font-claude-response-body break-words whitespace-normal leading-[1.7]\">Green Coffee 5K to produkt oparty na naturalnych sk\u0142adnikach, dlatego ryzyko wyst\u0105pienia dzia\u0142a\u0144 niepo\u017c\u0105danych jest minimalne. Preparat jest dobrze tolerowany przez zdecydowan\u0105 wi\u0119kszo\u015b\u0107 u\u017cytkownik\u00f3w. Niemniej jednak, ze wzgl\u0119du na zawarto\u015b\u0107 naturalnej kofeiny, u os\u00f3b szczeg\u00f3lnie wra\u017cliwych na ten zwi\u0105zek mog\u0105 sporadycznie wyst\u0105pi\u0107 \u0142agodne dolegliwo\u015bci, takie jak:<\/p>\n<ul class=\"[li_&amp;]:mb-0 [li_&amp;]:mt-1 [li_&amp;]:gap-1 [&amp;:not(:last-child)_ul]:pb-1 [&amp;:not(:last-child)_ol]:pb-1 list-disc flex flex-col gap-1 pl-8 mb-3\">\n<li class=\"whitespace-normal break-words pl-2\">niewielkie pobudzenie lub trudno\u015bci z zasypianiem przy przyjmowaniu suplementu wieczorem<\/li>\n<li class=\"whitespace-normal break-words pl-2\">przej\u015bciowe uczucie dyskomfortu \u017co\u0142\u0105dkowego na pocz\u0105tku suplementacji<\/li>\n<li class=\"whitespace-normal break-words pl-2\">b\u00f3le g\u0142owy u os\u00f3b odstawiaj\u0105cych kaw\u0119 lub inne \u017ar\u00f3d\u0142a kofeiny<\/li>\n<\/ul>\n<p class=\"font-claude-response-body break-words whitespace-normal leading-[1.7]\">Wymienione objawy maj\u0105 zazwyczaj charakter przej\u015bciowy i ust\u0119puj\u0105 samoistnie po kilku dniach stosowania. Aby zminimalizowa\u0107 ryzyko jakichkolwiek niepo\u017c\u0105danych reakcji, zaleca si\u0119 przyjmowanie kapsu\u0142ek zgodnie z rekomendowanym dawkowaniem i unikanie \u0142\u0105czenia suplementu z innymi produktami zawieraj\u0105cymi kofein\u0119.<\/p>\n<h2 class=\"text-text-100 mt-3 -mb-1 text-[1.125rem] font-bold\">Ograniczenia stosowania<\/h2>\n<p class=\"font-claude-response-body break-words whitespace-normal leading-[1.7]\">Mimo naturalnego sk\u0142adu Green Coffee 5K nie jest przeznaczony dla wszystkich grup. Stosowania preparatu powinny unika\u0107:<\/p>\n<ul class=\"[li_&amp;]:mb-0 [li_&amp;]:mt-1 [li_&amp;]:gap-1 [&amp;:not(:last-child)_ul]:pb-1 [&amp;:not(:last-child)_ol]:pb-1 list-disc flex flex-col gap-1 pl-8 mb-3\">\n<li class=\"whitespace-normal break-words pl-2\">kobiety w ci\u0105\u017cy i karmi\u0105ce piersi\u0105<\/li>\n<li class=\"whitespace-normal break-words pl-2\">osoby poni\u017cej 18. roku \u017cycia<\/li>\n<li class=\"whitespace-normal break-words pl-2\">osoby z nadwra\u017cliwo\u015bci\u0105 na kofein\u0119 lub sk\u0142adniki ekstraktu z kawy<\/li>\n<li class=\"whitespace-normal break-words pl-2\">osoby cierpi\u0105ce na powa\u017cne schorzenia uk\u0142adu sercowo-naczyniowego<\/li>\n<li class=\"whitespace-normal break-words pl-2\">pacjenci z niekontrolowanym nadci\u015bnieniem t\u0119tniczym<\/li>\n<li class=\"whitespace-normal break-words pl-2\">osoby z zaburzeniami l\u0119kowymi lub problemami ze snem wynikaj\u0105cymi ze spo\u017cycia kofeiny<\/li>\n<\/ul>\n<p class=\"font-claude-response-body break-words whitespace-normal leading-[1.7]\">W przypadku przyjmowania lek\u00f3w na recept\u0119 lub leczenia przewlek\u0142ych schorze\u0144 przed rozpocz\u0119ciem suplementacji zaleca si\u0119 konsultacj\u0119 z lekarzem lub farmaceut\u0105. Green Coffee 5K nie zast\u0119puje zr\u00f3\u017cnicowanej diety i nie jest lekiem w rozumieniu prawa farmaceutycznego.<\/p>\n<h2 class=\"text-text-100 mt-3 -mb-1 text-[1.125rem] font-bold\">Spos\u00f3b u\u017cycia<\/h2>\n<p class=\"font-claude-response-body break-words whitespace-normal leading-[1.7]\">Producent zaleca przyjmowanie 2 kapsu\u0142ek Green Coffee 5K dziennie. Optymalny schemat dawkowania wygl\u0105da nast\u0119puj\u0105co:<\/p>\n<ul class=\"[li_&amp;]:mb-0 [li_&amp;]:mt-1 [li_&amp;]:gap-1 [&amp;:not(:last-child)_ul]:pb-1 [&amp;:not(:last-child)_ol]:pb-1 list-disc flex flex-col gap-1 pl-8 mb-3\">\n<li class=\"whitespace-normal break-words pl-2\"><strong>1 kapsu\u0142ka rano<\/strong> \u2014 najlepiej oko\u0142o 30 minut przed \u015bniadaniem, popijaj\u0105c szklank\u0105 wody<\/li>\n<li class=\"whitespace-normal break-words pl-2\"><strong>1 kapsu\u0142ka w po\u0142udnie<\/strong> \u2014 przed g\u0142\u00f3wnym posi\u0142kiem dnia, co wspomaga kontrol\u0119 \u0142aknienia w drugiej po\u0142owie dnia<\/li>\n<\/ul>\n<p class=\"font-claude-response-body break-words whitespace-normal leading-[1.7]\">Kapsu\u0142ek nie nale\u017cy przyjmowa\u0107 w godzinach wieczornych ze wzgl\u0119du na zawarto\u015b\u0107 naturalnej kofeiny, kt\u00f3ra mo\u017ce zak\u0142\u00f3ca\u0107 sen. Zalecana kuracja trwa minimum 4\u20136 tygodni, aby w pe\u0142ni odczu\u0107 efekty suplementacji. Przez ca\u0142y okres stosowania nale\u017cy zadba\u0107 o odpowiednie nawodnienie organizmu \u2014 minimum 1,5\u20132 litr\u00f3w wody dziennie \u2014 co pot\u0119guje dzia\u0142anie sk\u0142adnik\u00f3w aktywnych i wspomaga eliminacj\u0119 toksyn.<\/p>\n<h2 class=\"text-text-100 mt-3 -mb-1 text-[1.125rem] font-bold\">Kup Green Coffee 5K, cena<\/h2>\n<p class=\"font-claude-response-body break-words whitespace-normal leading-[1.7]\">Green Coffee 5K nie jest dost\u0119pny w aptekach stacjonarnych ani w popularnych serwisach zakupowych. Producent celowo ograniczy\u0142 dystrybucj\u0119 do w\u0142asnego kana\u0142u sprzeda\u017cy, aby zagwarantowa\u0107 klientom oryginalny produkt, w\u0142a\u015bciwe warunki przechowywania i pe\u0142n\u0105 ochron\u0119 konsumenck\u0105.<\/p>\n<p class=\"font-claude-response-body break-words whitespace-normal leading-[1.7]\"><strong>Zakup wy\u0142\u0105cznie przez oficjalny sklep producenta to gwarancja:<\/strong><\/p>\n<ul class=\"[li_&amp;]:mb-0 [li_&amp;]:mt-1 [li_&amp;]:gap-1 [&amp;:not(:last-child)_ul]:pb-1 [&amp;:not(:last-child)_ol]:pb-1 list-disc flex flex-col gap-1 pl-8 mb-3\">\n<li class=\"whitespace-normal break-words pl-2\">autentyczno\u015bci produktu \u2014 brak ryzyka nabycia podr\u00f3bki<\/li>\n<li class=\"whitespace-normal break-words pl-2\">aktualnych promocji i pakiet\u00f3w wielosztukowych oferowanych wy\u0142\u0105cznie bezpo\u015brednim klientom<\/li>\n<li class=\"whitespace-normal break-words pl-2\">bezpiecznych metod p\u0142atno\u015bci i dyskretnej przesy\u0142ki<\/li>\n<li class=\"whitespace-normal break-words pl-2\">profesjonalnej obs\u0142ugi klienta i mo\u017cliwo\u015bci skorzystania z polityki zwrot\u00f3w<\/li>\n<\/ul>\n<h2 class=\"text-text-100 mt-3 -mb-1 text-[1.125rem] font-bold\">Zam\u00f3w Green Coffee 5K na stronie producenta<\/h2>\n<p class=\"font-claude-response-body break-words whitespace-normal leading-[1.7]\">Z\u0142o\u017cenie zam\u00f3wienia na oficjalnej stronie producenta Green Coffee 5K jest proste i wygodne. Wystarczy wype\u0142ni\u0107 kr\u00f3tki formularz kontaktowy podaj\u0105c imi\u0119 i numer telefonu, a konsultant skontaktuje si\u0119 w celu potwierdzenia zam\u00f3wienia i ustalenia szczeg\u00f3\u0142\u00f3w dostawy. Przesy\u0142ka realizowana jest zazwyczaj w ci\u0105gu kilku dni roboczych, a produkt dostarczany jest bezpo\u015brednio pod wskazany adres w dyskretnym opakowaniu.<\/p>\n<p class=\"font-claude-response-body break-words whitespace-normal leading-[1.7]\">Producent regularnie organizuje akcje promocyjne, w ramach kt\u00f3rych mo\u017cna naby\u0107 wi\u0119ksze zestawy kapsu\u0142ek w atrakcyjnych cenach. Warto \u015bledzi\u0107 oficjaln\u0105 stron\u0119, by nie przegapi\u0107 okazji.<\/p>\n<h2 class=\"text-text-100 mt-3 -mb-1 text-[1.125rem] font-bold\">Porady ekspert\u00f3w<\/h2>\n<p class=\"font-claude-response-body break-words whitespace-normal leading-[1.7]\">Specjali\u015bci zajmuj\u0105cy si\u0119 dietetyk\u0105 i suplementacj\u0105 podkre\u015blaj\u0105, \u017ce Green Coffee 5K dzia\u0142a najefektywniej jako element kompleksowego podej\u015bcia do redukcji masy cia\u0142a. Eksperci zalecaj\u0105:<\/p>\n<ul class=\"[li_&amp;]:mb-0 [li_&amp;]:mt-1 [li_&amp;]:gap-1 [&amp;:not(:last-child)_ul]:pb-1 [&amp;:not(:last-child)_ol]:pb-1 list-disc flex flex-col gap-1 pl-8 mb-3\">\n<li class=\"whitespace-normal break-words pl-2\">\u0142\u0105czenie suplementacji z umiarkowan\u0105 aktywno\u015bci\u0105 fizyczn\u0105 \u2014 wystarczy 30 minut spaceru dziennie, by przyspieszy\u0107 efekty<\/li>\n<li class=\"whitespace-normal break-words pl-2\">ograniczenie spo\u017cycia przetworzonej \u017cywno\u015bci bogatej w cukry proste i t\u0142uszcze trans<\/li>\n<li class=\"whitespace-normal break-words pl-2\">regularne spo\u017cywanie posi\u0142k\u00f3w w ustalonych porach, co wspomaga regulacj\u0119 poziomu glukozy we krwi<\/li>\n<li class=\"whitespace-normal break-words pl-2\">odpowiedni\u0105 ilo\u015b\u0107 snu \u2014 niedob\u00f3r snu zaburza gospodark\u0119 hormonaln\u0105 i utrudnia odchudzanie<\/li>\n<li class=\"whitespace-normal break-words pl-2\">prowadzenie dziennika \u017cywieniowego, kt\u00f3ry pomaga \u015bwiadomie kontrolowa\u0107 spo\u017cycie kalorii<\/li>\n<\/ul>\n<p class=\"font-claude-response-body break-words whitespace-normal leading-[1.7]\">Dietetycy zwracaj\u0105 uwag\u0119, \u017ce kwas chlorogenowy zawarty w ekstrakcie z zielonej kawy jest jednym z najlepiej przebadanych naturalnych zwi\u0105zk\u00f3w wspomagaj\u0105cych metabolizm t\u0142uszcz\u00f3w. Jego efektywno\u015b\u0107 potwierdzaj\u0105 liczne badania naukowe, a wysokie st\u0119\u017cenie tej substancji w Green Coffee 5K sprawia, \u017ce preparat wyr\u00f3\u017cnia si\u0119 spo\u015br\u00f3d innych suplement\u00f3w dost\u0119pnych na polskim rynku.<\/p>\n<h2 class=\"text-text-100 mt-3 -mb-1 text-[1.125rem] font-bold\">Opinie u\u017cytkownik\u00f3w, fora w Polsce<\/h2>\n<p class=\"font-claude-response-body break-words whitespace-normal leading-[1.7]\">Suplement Green Coffee 5K cieszy si\u0119 rosn\u0105cym zainteresowaniem na polskich forach dyskusyjnych po\u015bwi\u0119conych odchudzaniu i zdrowemu trybowi \u017cycia. U\u017cytkownicy chwal\u0105 przede wszystkim naturalny sk\u0142ad, wygodn\u0105 form\u0119 kapsu\u0142ek oraz zauwa\u017calne efekty po kilku tygodniach stosowania. Wielu z nich podkre\u015bla, \u017ce preparat pom\u00f3g\u0142 im ograniczy\u0107 apetyt i utrzyma\u0107 dyscyplin\u0119 \u017cywieniow\u0105 bez poczucia wyrzecze\u0144.<\/p>\n<ul class=\"[li_&amp;]:mb-0 [li_&amp;]:mt-1 [li_&amp;]:gap-1 [&amp;:not(:last-child)_ul]:pb-1 [&amp;:not(:last-child)_ol]:pb-1 list-disc flex flex-col gap-1 pl-8 mb-3\">\n<li class=\"whitespace-normal break-words pl-2\"><strong>Magdalena K.:<\/strong> \u201eStosowa\u0142am Green Coffee 5K przez dwa miesi\u0105ce i jestem bardzo zadowolona z efekt\u00f3w. Zauwa\u017cy\u0142am wyra\u017ane zmniejszenie apetytu ju\u017c po pierwszym tygodniu \u2014 przesta\u0142am podjada\u0107 mi\u0119dzy posi\u0142kami, co zawsze by\u0142o moj\u0105 pi\u0119t\u0105 achillesow\u0105. W ci\u0105gu kuracji uda\u0142o mi si\u0119 pozby\u0107 kilku kilogram\u00f3w bez \u017cadnej specjalnej diety. Zdecydowanie polecam wszystkim, kt\u00f3re szukaj\u0105 naturalnego wsparcia w odchudzaniu.&#8221;<\/li>\n<li class=\"whitespace-normal break-words pl-2\"><strong>Tomasz W.:<\/strong> \u201eBy\u0142em sceptyczny wobec suplement\u00f3w diety, ale Green Coffee 5K pozytywnie mnie zaskoczy\u0142. Po czterech tygodniach stosowania metabolizm zdecydowanie przyspieszy\u0142 \u2014 zacz\u0105\u0142em chudn\u0105\u0107, cho\u0107 nie zmieni\u0142em drastycznie diety. Mam te\u017c wi\u0119cej energii w ci\u0105gu dnia, co jest dodatkowym plusem przy aktywnym trybie \u017cycia. Zam\u00f3wi\u0142em ju\u017c kolejny zestaw.&#8221;<\/li>\n<\/ul>\n","protected":false},"excerpt":{"rendered":"<p>Green Coffee 5K to suplement diety w formie kapsu\u0142ek, kt\u00f3ry zdoby\u0142 ogromn\u0105 popularno\u015b\u0107 w\u015br\u00f3d os\u00f3b pragn\u0105cych skutecznie i bezpiecznie zredukowa\u0107 mas\u0119 cia\u0142a. Produkt wyr\u00f3\u017cnia si\u0119 na tle konkurencji przede wszystkim wyj\u0105tkowo wysok\u0105 zawarto\u015bci\u0105 ekstraktu z zielonej kawy \u2014 a\u017c 5000 mg w porcji dziennej, co czyni go jedynym tego typu preparatem dost\u0119pnym na rynku. Green [&hellip;]<\/p>\n","protected":false},"featured_media":757,"comment_status":"open","ping_status":"closed","template":"","meta":[],"product_brand":[],"product_cat":[15],"product_tag":[],"class_list":{"0":"post-756","1":"product","2":"type-product","3":"status-publish","4":"has-post-thumbnail","6":"product_cat-suplement","8":"first","9":"instock","10":"shipping-taxable","11":"product-type-external"},"aioseo_notices":[],"_links":{"self":[{"href":"https:\/\/orto-medika.pl\/store\/wp-json\/wp\/v2\/product\/756","targetHints":{"allow":["GET"]}}],"collection":[{"href":"https:\/\/orto-medika.pl\/store\/wp-json\/wp\/v2\/product"}],"about":[{"href":"https:\/\/orto-medika.pl\/store\/wp-json\/wp\/v2\/types\/product"}],"replies":[{"embeddable":true,"href":"https:\/\/orto-medika.pl\/store\/wp-json\/wp\/v2\/comments?post=756"}],"wp:featuredmedia":[{"embeddable":true,"href":"https:\/\/orto-medika.pl\/store\/wp-json\/wp\/v2\/media\/757"}],"wp:attachment":[{"href":"https:\/\/orto-medika.pl\/store\/wp-json\/wp\/v2\/media?parent=756"}],"wp:term":[{"taxonomy":"product_brand","embeddable":true,"href":"https:\/\/orto-medika.pl\/store\/wp-json\/wp\/v2\/product_brand?post=756"},{"taxonomy":"product_cat","embeddable":true,"href":"https:\/\/orto-medika.pl\/store\/wp-json\/wp\/v2\/product_cat?post=756"},{"taxonomy":"product_tag","embeddable":true,"href":"https:\/\/orto-medika.pl\/store\/wp-json\/wp\/v2\/product_tag?post=756"}],"curies":[{"name":"wp","href":"https:\/\/api.w.org\/{rel}","templated":true}]}}