{"id":274,"date":"2026-03-08T15:59:44","date_gmt":"2026-03-08T15:59:44","guid":{"rendered":"https:\/\/orto-medika.pl\/store\/?post_type=product&#038;p=274"},"modified":"2026-03-08T15:59:45","modified_gmt":"2026-03-08T15:59:45","slug":"germivir-premium","status":"publish","type":"product","link":"https:\/\/orto-medika.pl\/store\/product\/germivir-premium\/","title":{"rendered":"Germivir Premium"},"content":{"rendered":"<p class=\"font-claude-response-body break-words whitespace-normal leading-[1.7]\">Germivir Premium to suplement diety w formie kapsu\u0142ek, stworzony z my\u015bl\u0105 o osobach zmagaj\u0105cych si\u0119 z inwazj\u0105 paso\u017cyt\u00f3w. Preparat \u0142\u0105czy w sobie starannie dobrane sk\u0142adniki ro\u015blinne i naturalne ekstrakty, kt\u00f3re dzia\u0142aj\u0105 kompleksowo na organizm \u2013 zar\u00f3wno eliminuj\u0105c paso\u017cyty, jak i wspieraj\u0105c regeneracj\u0119 uszkodzonych tkanek. Formu\u0142a produktu opiera si\u0119 wy\u0142\u0105cznie na naturalnych substancjach czynnych, co czyni j\u0105 bezpieczn\u0105 alternatyw\u0105 dla syntetycznych \u015brodk\u00f3w przeciwpaso\u017cytniczych.<\/p>\n<p class=\"font-claude-response-body break-words whitespace-normal leading-[1.7]\">Germivir Premium wyr\u00f3\u017cnia si\u0119 na tle innych suplement\u00f3w przede wszystkim szerokim spektrum dzia\u0142ania. Kapsu\u0142ki nie tylko zwalczaj\u0105 doros\u0142e formy paso\u017cyt\u00f3w, ale skutecznie neutralizuj\u0105 r\u00f3wnie\u017c ich larwy i jaja, przerywaj\u0105c cykl \u017cyciowy intruz\u00f3w. Preparat wspomaga oczyszczanie ca\u0142ego organizmu \u2013 narz\u0105d\u00f3w wewn\u0119trznych, krwi, limfy oraz p\u0142yn\u00f3w mi\u0119dzykom\u00f3rkowych.<\/p>\n<p class=\"font-claude-response-body break-words whitespace-normal leading-[1.7]\">Produkt jest skierowany do doros\u0142ych, kt\u00f3rzy chc\u0105 w naturalny spos\u00f3b zadba\u0107 o higien\u0119 wewn\u0119trzn\u0105 organizmu i poprawi\u0107 og\u00f3lny stan zdrowia po inwazji paso\u017cytniczej.<\/p>\n<h2 class=\"font-claude-response-body break-words whitespace-normal leading-[1.7]\">Wskazania do stosowania Germivir Premium<\/h2>\n<p class=\"font-claude-response-body break-words whitespace-normal leading-[1.7]\">Germivir Premium jest zalecany w przypadkach, gdy organizm wykazuje objawy mog\u0105ce \u015bwiadczy\u0107 o obecno\u015bci paso\u017cyt\u00f3w lub gdy potrzebuje wsparcia po przebytej infekcji paso\u017cytniczej. Wskazania obejmuj\u0105:<\/p>\n<ul class=\"[li_&amp;]:mb-0 [li_&amp;]:mt-1 [li_&amp;]:gap-1 [&amp;:not(:last-child)_ul]:pb-1 [&amp;:not(:last-child)_ol]:pb-1 list-disc flex flex-col gap-1 pl-8 mb-3\">\n<li class=\"whitespace-normal break-words pl-2\">Przewlek\u0142e zm\u0119czenie i uczucie og\u00f3lnego os\u0142abienia bez wyra\u017anej przyczyny<\/li>\n<li class=\"whitespace-normal break-words pl-2\">Zaburzenia trawienia \u2013 wzd\u0119cia, biegunki, zaparcia, b\u00f3le brzucha<\/li>\n<li class=\"whitespace-normal break-words pl-2\">\u015awi\u0105d sk\u00f3ry, wysypki, pokrzywka o niejasnym pod\u0142o\u017cu<\/li>\n<li class=\"whitespace-normal break-words pl-2\">Problemy z koncentracj\u0105 i pami\u0119ci\u0105, dra\u017cliwo\u015b\u0107, zaburzenia snu<\/li>\n<li class=\"whitespace-normal break-words pl-2\">Alergie pokarmowe i nietolerancje, kt\u00f3re nagle si\u0119 pojawi\u0142y<\/li>\n<li class=\"whitespace-normal break-words pl-2\">Niedobory witamin i minera\u0142\u00f3w pomimo zbilansowanej diety<\/li>\n<li class=\"whitespace-normal break-words pl-2\">Cz\u0119ste infekcje, obni\u017cona odporno\u015b\u0107, nawracaj\u0105ce przezi\u0119bienia<\/li>\n<li class=\"whitespace-normal break-words pl-2\">Kontakt z gleb\u0105, zwierz\u0119tami domowymi lub podr\u00f3\u017ce do kraj\u00f3w o podwy\u017cszonym ryzyku zara\u017cenia<\/li>\n<\/ul>\n<p class=\"font-claude-response-body break-words whitespace-normal leading-[1.7]\">Preparat sprawdzi si\u0119 tak\u017ce profilaktycznie \u2013 jako element sezonowego oczyszczania organizmu, szczeg\u00f3lnie wiosn\u0105 i jesieni\u0105.<\/p>\n<h2 class=\"font-claude-response-body break-words whitespace-normal leading-[1.7]\">Dzia\u0142anie Germivir Premium<\/h2>\n<p class=\"font-claude-response-body break-words whitespace-normal leading-[1.7]\">Germivir Premium dzia\u0142a wieloetapowo i wielokierunkowo, co odr\u00f3\u017cnia go od jednosk\u0142adnikowych preparat\u00f3w przeciwpaso\u017cytniczych. Mechanizm dzia\u0142ania obejmuje kilka wzajemnie uzupe\u0142niaj\u0105cych si\u0119 proces\u00f3w.<\/p>\n<p class=\"font-claude-response-body break-words whitespace-normal leading-[1.7]\">W pierwszym etapie sk\u0142adniki aktywne kapsu\u0142ek przenikaj\u0105 do przewodu pokarmowego i zaczynaj\u0105 niszczy\u0107 paso\u017cyty na wszystkich etapach ich rozwoju \u2013 od jaj, przez larwy, a\u017c po dojrza\u0142e osobniki. Jednocze\u015bnie preparat neutralizuje toksyny wytwarzane przez paso\u017cyty, kt\u00f3re zatruwaj\u0105 organizm i prowadz\u0105 do przewlek\u0142ego stanu zapalnego.<\/p>\n<p class=\"font-claude-response-body break-words whitespace-normal leading-[1.7]\">W kolejnym etapie Germivir Premium wspomaga regeneracj\u0119 b\u0142on \u015bluzowych przewodu pokarmowego uszkodzonych przez inwazj\u0119 paso\u017cytnicz\u0105. Naturalne ekstrakty ro\u015blinne przyspieszaj\u0105 gojenie si\u0119 mikrozranie\u0144, poprawiaj\u0105 perystaltyk\u0119 jelit i przywracaj\u0105 prawid\u0142ow\u0105 flor\u0119 bakteryjn\u0105.<\/p>\n<p class=\"font-claude-response-body break-words whitespace-normal leading-[1.7]\">Preparat normalizuje te\u017c r\u00f3wnowag\u0119 oksydacyjno-redukcyjn\u0105 organizmu. Przewlek\u0142y stres oksydacyjny wywo\u0142any przez paso\u017cyty jest jednym z czynnik\u00f3w sprzyjaj\u0105cych patologicznym zmianom kom\u00f3rkowym, dlatego neutralizacja wolnych rodnik\u00f3w stanowi istotny element terapii. Dzia\u0142anie przeciwbakteryjne kapsu\u0142ek pomaga dodatkowo zwalcza\u0107 bakterie takie jak Helicobacter pylori, odpowiedzialne za powstawanie wrzod\u00f3w \u017co\u0142\u0105dka i przewlek\u0142e zapalenie b\u0142ony \u015bluzowej.<\/p>\n<h2 class=\"font-claude-response-body break-words whitespace-normal leading-[1.7]\">Sk\u0142ad Germivir Premium<\/h2>\n<p class=\"font-claude-response-body break-words whitespace-normal leading-[1.7]\">Formu\u0142a Germivir Premium opiera si\u0119 na synergii sk\u0142adnik\u00f3w naturalnych, z kt\u00f3rych ka\u017cdy pe\u0142ni okre\u015blon\u0105 funkcj\u0119 terapeutyczn\u0105:<\/p>\n<ul class=\"[li_&amp;]:mb-0 [li_&amp;]:mt-1 [li_&amp;]:gap-1 [&amp;:not(:last-child)_ul]:pb-1 [&amp;:not(:last-child)_ol]:pb-1 list-disc flex flex-col gap-1 pl-8 mb-3\">\n<li class=\"whitespace-normal break-words pl-2\"><strong>Ekstrakt z bylicy pospolitej (Artemisia absinthium)<\/strong> \u2013 jeden z najskuteczniejszych naturalnych \u015brodk\u00f3w przeciwpaso\u017cytniczych; zawiera artemizyn\u0119, kt\u00f3ra niszczy b\u0142ony kom\u00f3rkowe paso\u017cyt\u00f3w i uniemo\u017cliwia im reprodukcj\u0119<\/li>\n<li class=\"whitespace-normal break-words pl-2\"><strong>Ekstrakt z \u0142upiny czarnego orzecha (Juglans nigra)<\/strong> \u2013 bogaty w joglony i taniny; skutecznie eliminuje dojrza\u0142e formy paso\u017cyt\u00f3w jelitowych i wykazuje dzia\u0142anie przeciwgrzybicze<\/li>\n<li class=\"whitespace-normal break-words pl-2\"><strong>Ekstrakt z go\u017adzik\u00f3w (Syzygium aromaticum)<\/strong> \u2013 zawiera eugenol o silnym dzia\u0142aniu przeciwpaso\u017cytniczym; jeden z niewielu sk\u0142adnik\u00f3w skutecznie niszcz\u0105cych jaja paso\u017cyt\u00f3w<\/li>\n<li class=\"whitespace-normal break-words pl-2\"><strong>Ekstrakt z korzenia kurkumy (Curcuma longa)<\/strong> \u2013 dzia\u0142a przeciwzapalnie i antyoksydacyjnie; wspomaga regeneracj\u0119 w\u0105troby i przywraca prawid\u0142owe funkcje narz\u0105d\u00f3w trawiennych<\/li>\n<li class=\"whitespace-normal break-words pl-2\"><strong>Ekstrakt z czosnku (Allium sativum)<\/strong> \u2013 allicyna zawarta w czosnku dzia\u0142a bakteriob\u00f3jczo i przeciwpaso\u017cytniczo; wzmacnia odporno\u015b\u0107 i chroni uk\u0142ad pokarmowy<\/li>\n<li class=\"whitespace-normal break-words pl-2\"><strong>Ekstrakt z kory drzewa granatowego (Punica granatum)<\/strong> \u2013 punikalaginy i punikalina wykazuj\u0105 silne dzia\u0142anie przeciwko wielu gatunkom paso\u017cyt\u00f3w jelitowych<\/li>\n<li class=\"whitespace-normal break-words pl-2\"><strong>Ekstrakt z tymianku (Thymus vulgaris)<\/strong> \u2013 tymol i karwakrol niszcz\u0105 b\u0142ony kom\u00f3rkowe mikroorganizm\u00f3w chorobotw\u00f3rczych i wspomagaj\u0105 oczyszczanie dr\u00f3g oddechowych<\/li>\n<li class=\"whitespace-normal break-words pl-2\"><strong>Ekstrakt z dziurawca (Hypericum perforatum)<\/strong> \u2013 dzia\u0142a uspokajaj\u0105co, poprawia nastr\u00f3j i jako\u015b\u0107 snu zaburzonych przez chroniczne zatrucie toksyczne<\/li>\n<\/ul>\n<p class=\"font-claude-response-body break-words whitespace-normal leading-[1.7]\">Sk\u0142ad nie zawiera substancji syntetycznych, barwnik\u00f3w ani konserwant\u00f3w. Kapsu\u0142ki s\u0105 wolne od glutenu i laktozy.<\/p>\n<h2 class=\"font-claude-response-body break-words whitespace-normal leading-[1.7]\">Efekty<\/h2>\n<p class=\"font-claude-response-body break-words whitespace-normal leading-[1.7]\">Regularne stosowanie Germivir Premium przynosi wymierne efekty, kt\u00f3re u\u017cytkownicy obserwuj\u0105 ju\u017c po kilku tygodniach kuracji:<\/p>\n<ul class=\"[li_&amp;]:mb-0 [li_&amp;]:mt-1 [li_&amp;]:gap-1 [&amp;:not(:last-child)_ul]:pb-1 [&amp;:not(:last-child)_ol]:pb-1 list-disc flex flex-col gap-1 pl-8 mb-3\">\n<li class=\"whitespace-normal break-words pl-2\">Eliminacja paso\u017cyt\u00f3w i ich form jajowych z przewodu pokarmowego oraz innych tkanek<\/li>\n<li class=\"whitespace-normal break-words pl-2\">Oczyszczenie krwi i limfy z toksyn wytwarzanych przez paso\u017cyty<\/li>\n<li class=\"whitespace-normal break-words pl-2\">Poprawa trawienia \u2013 ust\u0105pienie wzd\u0119\u0107, zapar\u0107 i b\u00f3l\u00f3w brzucha<\/li>\n<li class=\"whitespace-normal break-words pl-2\">Wzrost poziomu energii i redukcja chronicznego zm\u0119czenia<\/li>\n<li class=\"whitespace-normal break-words pl-2\">Wzmocnienie odporno\u015bci i zmniejszenie podatno\u015bci na infekcje<\/li>\n<li class=\"whitespace-normal break-words pl-2\">Poprawa kondycji sk\u00f3ry, w\u0142os\u00f3w i paznokci \u2013 ust\u0105pienie wysypek i \u015bwi\u0105du<\/li>\n<li class=\"whitespace-normal break-words pl-2\">Lepszy sen i samopoczucie \u2013 redukcja dra\u017cliwo\u015bci i problem\u00f3w z koncentracj\u0105<\/li>\n<li class=\"whitespace-normal break-words pl-2\">Regeneracja b\u0142on \u015bluzowych \u017co\u0142\u0105dka i jelit<\/li>\n<li class=\"whitespace-normal break-words pl-2\">Normalizacja wagi cia\u0142a \u2013 ust\u0105pienie nieuzasadnionych waha\u0144 masy<\/li>\n<\/ul>\n<p class=\"font-claude-response-body break-words whitespace-normal leading-[1.7]\">Efekty s\u0105 widoczne stopniowo i nasilaj\u0105 si\u0119 w miar\u0119 trwania kuracji.<\/p>\n<h2 class=\"font-claude-response-body break-words whitespace-normal leading-[1.7]\">Skutki uboczne<\/h2>\n<p class=\"font-claude-response-body break-words whitespace-normal leading-[1.7]\">Germivir Premium jest preparatem o naturalnym sk\u0142adzie, dlatego ryzyko dzia\u0142a\u0144 niepo\u017c\u0105danych jest minimalne. Produkt jest dobrze tolerowany przez wi\u0119kszo\u015b\u0107 u\u017cytkownik\u00f3w.<\/p>\n<p class=\"font-claude-response-body break-words whitespace-normal leading-[1.7]\">W pierwszych dniach stosowania mog\u0105 wyst\u0105pi\u0107 \u0142agodne dolegliwo\u015bci zwi\u0105zane z procesem oczyszczania organizmu \u2013 jest to zjawisko znane jako reakcja Herxheimera, polegaj\u0105ce na przej\u015bciowym nasileniu objaw\u00f3w w wyniku masowego rozpadu paso\u017cyt\u00f3w i uwalniania ich toksyn. Objawy mog\u0105 obejmowa\u0107:<\/p>\n<ul class=\"[li_&amp;]:mb-0 [li_&amp;]:mt-1 [li_&amp;]:gap-1 [&amp;:not(:last-child)_ul]:pb-1 [&amp;:not(:last-child)_ol]:pb-1 list-disc flex flex-col gap-1 pl-8 mb-3\">\n<li class=\"whitespace-normal break-words pl-2\">Przej\u015bciowe b\u00f3le g\u0142owy i uczucie zm\u0119czenia<\/li>\n<li class=\"whitespace-normal break-words pl-2\">Nieznaczne dolegliwo\u015bci \u017co\u0142\u0105dkowe w pierwszych dniach<\/li>\n<li class=\"whitespace-normal break-words pl-2\">Lu\u017aniejsze stolce jako efekt intensywnego oczyszczania jelit<\/li>\n<\/ul>\n<p class=\"font-claude-response-body break-words whitespace-normal leading-[1.7]\">Objawy te maj\u0105 charakter przej\u015bciowy i ust\u0119puj\u0105 samoistnie. Je\u015bli dolegliwo\u015bci s\u0105 nasilone lub utrzymuj\u0105 si\u0119 d\u0142u\u017cej, zaleca si\u0119 konsultacj\u0119 z lekarzem.<\/p>\n<h2 class=\"font-claude-response-body break-words whitespace-normal leading-[1.7]\">Ograniczenia stosowania<\/h2>\n<p class=\"font-claude-response-body break-words whitespace-normal leading-[1.7]\">Przed rozpocz\u0119ciem kuracji nale\u017cy zapozna\u0107 si\u0119 z przeciwwskazaniami do stosowania Germivir Premium:<\/p>\n<ul class=\"[li_&amp;]:mb-0 [li_&amp;]:mt-1 [li_&amp;]:gap-1 [&amp;:not(:last-child)_ul]:pb-1 [&amp;:not(:last-child)_ol]:pb-1 list-disc flex flex-col gap-1 pl-8 mb-3\">\n<li class=\"whitespace-normal break-words pl-2\"><strong>Ci\u0105\u017ca i karmienie piersi\u0105<\/strong> \u2013 preparat nie jest zalecany kobietom w ci\u0105\u017cy ani karmi\u0105cym ze wzgl\u0119du na aktywne dzia\u0142anie niekt\u00f3rych ekstrakt\u00f3w ro\u015blinnych<\/li>\n<li class=\"whitespace-normal break-words pl-2\"><strong>Wiek poni\u017cej 18 lat<\/strong> \u2013 suplement przeznaczony jest wy\u0142\u0105cznie dla doros\u0142ych<\/li>\n<li class=\"whitespace-normal break-words pl-2\"><strong>Alergia na sk\u0142adniki<\/strong> \u2013 osoby uczulone na ro\u015bliny z rodziny astrowatych lub go\u017adzikowatych powinny zachowa\u0107 ostro\u017cno\u015b\u0107<\/li>\n<li class=\"whitespace-normal break-words pl-2\"><strong>Powa\u017cne choroby przewlek\u0142e<\/strong> \u2013 w przypadku chor\u00f3b w\u0105troby, nerek lub chor\u00f3b autoimmunologicznych wskazana jest wcze\u015bniejsza konsultacja lekarska<\/li>\n<li class=\"whitespace-normal break-words pl-2\"><strong>Przyjmowanie lek\u00f3w na recept\u0119<\/strong> \u2013 niekt\u00f3re sk\u0142adniki ro\u015blinne mog\u0105 wchodzi\u0107 w interakcje z lekami, szczeg\u00f3lnie z lekami rozrzedzaj\u0105cymi krew<\/li>\n<\/ul>\n<p class=\"font-claude-response-body break-words whitespace-normal leading-[1.7]\">Suplement nie zast\u0119puje leczenia farmakologicznego zaleconego przez lekarza.<\/p>\n<h2 class=\"font-claude-response-body break-words whitespace-normal leading-[1.7]\">Spos\u00f3b u\u017cycia<\/h2>\n<p class=\"font-claude-response-body break-words whitespace-normal leading-[1.7]\">Germivir Premium nale\u017cy stosowa\u0107 zgodnie z zalecanym schematem dawkowania, aby osi\u0105gn\u0105\u0107 optymalne efekty terapeutyczne.<\/p>\n<p class=\"font-claude-response-body break-words whitespace-normal leading-[1.7]\">Zalecana dawka to <strong>2 kapsu\u0142ki dziennie<\/strong> \u2013 jedn\u0105 rano i jedn\u0105 wieczorem, najlepiej podczas posi\u0142ku. Kapsu\u0142ki nale\u017cy popija\u0107 du\u017c\u0105 ilo\u015bci\u0105 wody (minimum 200 ml). Zalecana d\u0142ugo\u015b\u0107 kuracji to <strong>30 dni<\/strong>. W przypadku ci\u0119\u017ckiej lub przewlek\u0142ej inwazji paso\u017cytniczej kuracj\u0119 mo\u017cna powt\u00f3rzy\u0107 po dwutygodniowej przerwie.<\/p>\n<p class=\"font-claude-response-body break-words whitespace-normal leading-[1.7]\">Dla uzyskania najlepszych efekt\u00f3w w trakcie stosowania preparatu zaleca si\u0119 ograniczenie spo\u017cycia cukru i przetworzonej \u017cywno\u015bci, zwi\u0119kszenie ilo\u015bci warzyw i b\u0142onnika w diecie, a tak\u017ce wypijanie co najmniej 1,5\u20132 litr\u00f3w wody dziennie. Wspomaga to naturalne procesy oczyszczania organizmu i przyspiesza wydalanie toksyn.<\/p>\n<p class=\"font-claude-response-body break-words whitespace-normal leading-[1.7]\">Nie nale\u017cy przekracza\u0107 zalecanej dawki. Przechowywa\u0107 w miejscu suchym i ch\u0142odnym, z dala od dzieci.<\/p>\n<h2 class=\"font-claude-response-body break-words whitespace-normal leading-[1.7]\">Kup Germivir Premium, cena<\/h2>\n<p class=\"font-claude-response-body break-words whitespace-normal leading-[1.7]\">Germivir Premium dost\u0119pny jest wy\u0142\u0105cznie przez internet \u2013 produkt nie jest sprzedawany w aptekach stacjonarnych ani sieciach drogerii. Taki model dystrybucji gwarantuje autentyczno\u015b\u0107 preparatu i chroni kupuj\u0105cych przed podr\u00f3bkami, kt\u00f3re coraz cz\u0119\u015bciej pojawiaj\u0105 si\u0119 na popularnych platformach zakupowych.<\/p>\n<p class=\"font-claude-response-body break-words whitespace-normal leading-[1.7]\">Cena produktu jest dost\u0119pna bezpo\u015brednio na stronie producenta i mo\u017ce r\u00f3\u017cni\u0107 si\u0119 w zale\u017cno\u015bci od aktualnych promocji i pakiet\u00f3w. Producent regularnie oferuje rabaty przy zakupie kilku opakowa\u0144, co obni\u017ca koszt kuracji i jest bardziej ekonomicznym rozwi\u0105zaniem przy d\u0142u\u017cszym stosowaniu.<\/p>\n<h2 class=\"font-claude-response-body break-words whitespace-normal leading-[1.7]\">Zam\u00f3w Germivir Premium na stronie producenta<\/h2>\n<p class=\"font-claude-response-body break-words whitespace-normal leading-[1.7]\">Aby mie\u0107 pewno\u015b\u0107, \u017ce otrzymujesz oryginalny produkt obj\u0119ty gwarancj\u0105 jako\u015bci, zamawiaj Germivir Premium wy\u0142\u0105cznie na oficjalnej stronie producenta. Proces zam\u00f3wienia jest prosty i zajmuje kilka minut \u2013 wystarczy wype\u0142ni\u0107 kr\u00f3tki formularz kontaktowy z imieniem i numerem telefonu, a konsultant oddzwoni w celu potwierdzenia zam\u00f3wienia i ustalenia szczeg\u00f3\u0142\u00f3w dostawy.<\/p>\n<p class=\"font-claude-response-body break-words whitespace-normal leading-[1.7]\">Dostawa realizowana jest na terenie ca\u0142ej Polski, zazwyczaj w ci\u0105gu 2\u20134 dni roboczych. P\u0142atno\u015b\u0107 mo\u017cliwa jest przy odbiorze, co eliminuje ryzyko finansowe ze strony kupuj\u0105cego. Oryginalny produkt jest zapakowany w oznakowane opakowanie z numerem serii i dat\u0105 wa\u017cno\u015bci.<\/p>\n<p class=\"font-claude-response-body break-words whitespace-normal leading-[1.7]\">Unikaj zakupu Germivir Premium na portalach aukcyjnych, w aptekach internetowych nieb\u0119d\u0105cych oficjalnym dystrybutorem oraz za po\u015brednictwem nieznanych po\u015brednik\u00f3w \u2013 takie produkty mog\u0105 by\u0107 podr\u00f3bkami nieposiadaj\u0105cymi w\u0142a\u015bciwo\u015bci terapeutycznych.<\/p>\n<h2 class=\"font-claude-response-body break-words whitespace-normal leading-[1.7]\">Porady ekspert\u00f3w<\/h2>\n<p class=\"font-claude-response-body break-words whitespace-normal leading-[1.7]\">Specjali\u015bci zajmuj\u0105cy si\u0119 medycyn\u0105 naturaln\u0105 i parazytozami coraz cz\u0119\u015bciej zwracaj\u0105 uwag\u0119 na rosn\u0105c\u0105 skal\u0119 zaka\u017ce\u0144 paso\u017cytniczych w Polsce. Szacuje si\u0119, \u017ce znaczna cz\u0119\u015b\u0107 doros\u0142ej populacji jest nosicielem jednego lub kilku gatunk\u00f3w paso\u017cyt\u00f3w, cz\u0119sto nie zdaj\u0105c sobie z tego sprawy.<\/p>\n<p class=\"font-claude-response-body break-words whitespace-normal leading-[1.7]\"><strong>Eksperci podkre\u015blaj\u0105 kilka kluczowych zasad zwi\u0105zanych z profilaktyk\u0105 i leczeniem:<\/strong><\/p>\n<ul class=\"[li_&amp;]:mb-0 [li_&amp;]:mt-1 [li_&amp;]:gap-1 [&amp;:not(:last-child)_ul]:pb-1 [&amp;:not(:last-child)_ol]:pb-1 list-disc flex flex-col gap-1 pl-8 mb-3\">\n<li class=\"whitespace-normal break-words pl-2\"><strong>Regularne oczyszczanie organizmu<\/strong> \u2013 minimum raz lub dwa razy w roku, szczeg\u00f3lnie wiosn\u0105 i jesieni\u0105, kiedy aktywno\u015b\u0107 paso\u017cyt\u00f3w wzrasta<\/li>\n<li class=\"whitespace-normal break-words pl-2\"><strong>Higiena r\u0105k i \u017cywno\u015bci<\/strong> \u2013 dok\u0142adne mycie warzyw i owoc\u00f3w, unikanie surowego mi\u0119sa i ryb o niepewnym pochodzeniu<\/li>\n<li class=\"whitespace-normal break-words pl-2\"><strong>Opieka nad zwierz\u0119tami domowymi<\/strong> \u2013 regularne odrobaczanie ps\u00f3w i kot\u00f3w jako g\u0142\u00f3wnych wektor\u00f3w przenoszenia paso\u017cyt\u00f3w na ludzi<\/li>\n<li class=\"whitespace-normal break-words pl-2\"><strong>Obserwacja objaw\u00f3w<\/strong> \u2013 przewlek\u0142e zm\u0119czenie, problemy sk\u00f3rne i zaburzenia trawienne to sygna\u0142y, kt\u00f3re nie powinny by\u0107 ignorowane<\/li>\n<li class=\"whitespace-normal break-words pl-2\"><strong>Kompleksowe podej\u015bcie<\/strong> \u2013 samo leczenie objawowe bez wyeliminowania przyczyny (paso\u017cyta) daje jedynie chwilow\u0105 ulg\u0119<\/li>\n<\/ul>\n<p class=\"font-claude-response-body break-words whitespace-normal leading-[1.7]\">Naturalne preparaty, takie jak Germivir Premium, s\u0105 cenione przez specjalist\u00f3w za minimalne ryzyko dzia\u0142a\u0144 niepo\u017c\u0105danych i mo\u017cliwo\u015b\u0107 stosowania w ramach d\u0142ugoterminowej profilaktyki.<\/p>\n<h2 class=\"font-claude-response-body break-words whitespace-normal leading-[1.7]\">Opinie u\u017cytkownik\u00f3w, fora w Polsce<\/h2>\n<p class=\"font-claude-response-body break-words whitespace-normal leading-[1.7]\">Na polskich forach internetowych i grupach zdrowotnych Germivir Premium cieszy si\u0119 rosn\u0105c\u0105 popularno\u015bci\u0105. U\u017cytkownicy dziel\u0105 si\u0119 swoimi do\u015bwiadczeniami, cz\u0119sto podkre\u015blaj\u0105c skuteczno\u015b\u0107 preparatu i wyra\u017an\u0105 popraw\u0119 samopoczucia po zako\u0144czeniu kuracji. Wiele os\u00f3b zwraca uwag\u0119 na to, \u017ce kuracja przynios\u0142a efekty, kt\u00f3rych nie osi\u0105gn\u0119\u0142y wcze\u015bniej stosowane preparaty apteczne.<\/p>\n<ul class=\"[li_&amp;]:mb-0 [li_&amp;]:mt-1 [li_&amp;]:gap-1 [&amp;:not(:last-child)_ul]:pb-1 [&amp;:not(:last-child)_ol]:pb-1 list-disc flex flex-col gap-1 pl-8 mb-3\">\n<li class=\"whitespace-normal break-words pl-2\"><strong>Ma\u0142gorzata z Wroc\u0142awia:<\/strong> \u201ePrzez d\u0142ugi czas skar\u017cy\u0142am si\u0119 na wzd\u0119cia, zm\u0119czenie i nawracaj\u0105ce b\u00f3le brzucha. Lekarz nie znajdowa\u0142 \u017cadnej konkretnej przyczyny. Po miesi\u0105cu stosowania Germivir Premium objawy praktycznie znikn\u0119\u0142y. Sk\u00f3ra si\u0119 poprawi\u0142a, mam znacznie wi\u0119cej energii i \u015bpi\u0119 o wiele lepiej ni\u017c przed kuracj\u0119. Polecam ka\u017cdemu, kto przez d\u0142ugi czas bezskutecznie szuka przyczyny swoich dolegliwo\u015bci.&#8221;<\/li>\n<li class=\"whitespace-normal break-words pl-2\"><strong>Krzysztof z Gda\u0144ska:<\/strong> \u201eJestem sceptyczny wobec suplement\u00f3w, ale zdecydowa\u0142em si\u0119 spr\u00f3bowa\u0107 po tym, jak wyczyta\u0142em o sk\u0142adnikach. Kuracja trwa\u0142a miesi\u0105c. W pierwszym tygodniu mia\u0142em lekkie b\u00f3le g\u0142owy, ale potem samopoczucie zacz\u0119\u0142o si\u0119 wyra\u017anie poprawia\u0107. Trawienie unormowa\u0142o si\u0119, znikn\u0119\u0142y uci\u0105\u017cliwe wzd\u0119cia. To naturalne podej\u015bcie sprawdzi\u0142o si\u0119 w moim przypadku znacznie lepiej ni\u017c farmakologia.&#8221;<\/li>\n<\/ul>\n","protected":false},"excerpt":{"rendered":"<p>Germivir Premium to suplement diety w formie kapsu\u0142ek, stworzony z my\u015bl\u0105 o osobach zmagaj\u0105cych si\u0119 z inwazj\u0105 paso\u017cyt\u00f3w. Preparat \u0142\u0105czy w sobie starannie dobrane sk\u0142adniki ro\u015blinne i naturalne ekstrakty, kt\u00f3re dzia\u0142aj\u0105 kompleksowo na organizm \u2013 zar\u00f3wno eliminuj\u0105c paso\u017cyty, jak i wspieraj\u0105c regeneracj\u0119 uszkodzonych tkanek. Formu\u0142a produktu opiera si\u0119 wy\u0142\u0105cznie na naturalnych substancjach czynnych, co czyni [&hellip;]<\/p>\n","protected":false},"featured_media":275,"comment_status":"open","ping_status":"closed","template":"","meta":[],"product_brand":[],"product_cat":[15],"product_tag":[],"class_list":{"0":"post-274","1":"product","2":"type-product","3":"status-publish","4":"has-post-thumbnail","6":"product_cat-suplement","8":"first","9":"instock","10":"sale","11":"shipping-taxable","12":"product-type-external"},"aioseo_notices":[],"_links":{"self":[{"href":"https:\/\/orto-medika.pl\/store\/wp-json\/wp\/v2\/product\/274","targetHints":{"allow":["GET"]}}],"collection":[{"href":"https:\/\/orto-medika.pl\/store\/wp-json\/wp\/v2\/product"}],"about":[{"href":"https:\/\/orto-medika.pl\/store\/wp-json\/wp\/v2\/types\/product"}],"replies":[{"embeddable":true,"href":"https:\/\/orto-medika.pl\/store\/wp-json\/wp\/v2\/comments?post=274"}],"wp:featuredmedia":[{"embeddable":true,"href":"https:\/\/orto-medika.pl\/store\/wp-json\/wp\/v2\/media\/275"}],"wp:attachment":[{"href":"https:\/\/orto-medika.pl\/store\/wp-json\/wp\/v2\/media?parent=274"}],"wp:term":[{"taxonomy":"product_brand","embeddable":true,"href":"https:\/\/orto-medika.pl\/store\/wp-json\/wp\/v2\/product_brand?post=274"},{"taxonomy":"product_cat","embeddable":true,"href":"https:\/\/orto-medika.pl\/store\/wp-json\/wp\/v2\/product_cat?post=274"},{"taxonomy":"product_tag","embeddable":true,"href":"https:\/\/orto-medika.pl\/store\/wp-json\/wp\/v2\/product_tag?post=274"}],"curies":[{"name":"wp","href":"https:\/\/api.w.org\/{rel}","templated":true}]}}